{"id":15931,"date":"2022-09-04T11:46:12","date_gmt":"2022-09-04T09:46:12","guid":{"rendered":"https:\/\/www.audiovisualcontainer.com\/profesional\/daniel-hernandez-torrado\/"},"modified":"2022-09-06T11:31:36","modified_gmt":"2022-09-06T09:31:36","slug":"daniel-hernandez-torrado","status":"publish","type":"profesional","link":"https:\/\/guia.audiovisualcontainer.com\/profesional\/daniel-hernandez-torrado\/","title":{"rendered":"Daniel Hern\u00e1ndez Torrado"},"content":{"rendered":"<p><iframe loading=\"lazy\" title=\"Daniel H Torrado - BOBINA \/ REEL  2018\" src=\"https:\/\/player.vimeo.com\/video\/567201196?h=c4f36c885f&amp;dnt=1&amp;app_id=122963\" width=\"1200\" height=\"675\" frameborder=\"0\" allow=\"autoplay; fullscreen; picture-in-picture\" allowfullscreen><\/iframe><\/p><p><br><\/p><p>Daniel ha escrito y dirigido varios proyectos que han sido premiados y seleccionados en festivales internacionales de cine como Cannes, Sitges, Florida, etc. Destaca el premio Remi platino en el 49th World Fest de Houston.&nbsp;Daniel estudi\u00f3 direcci\u00f3n de cine, c\u00e1mara e iluminaci\u00f3n, montaje y postproducci\u00f3n en centros como Metropolis, CICE y Escuela Internacional de Medios Audiovisuales.<\/p><p><br><\/p><p><span style=\"color: rgba(0, 0, 0, 0.9);\">Fundador de Virtual World Pictures y Canary Film Factory, dedicadas a la producci\u00f3n de contenidos audiovisuales. Director y Productor de Cine y Publicidad ganador de m\u00e1s de 100 premios internacionales.<\/span><\/p><p><br><\/p><p><span style=\"color: rgba(0, 0, 0, 0.9);\">Apasionado de la creaci\u00f3n audiovisual con formaci\u00f3n multidisciplinar. Gestor de equipos de trabajo experto en los procesos de creaci\u00f3n de productos audiovisuales.<\/span><\/p>","protected":false},"excerpt":{"rendered":"<p>Daniel ha escrito y dirigido varios proyectos que han sido premiados y seleccionados en festivales internacionales de cine como Cannes, Sitges, Florida, etc. Destaca el premio Remi platino en el 49th World Fest de Houston.&nbsp;Daniel estudi\u00f3 direcci\u00f3n de cine, c\u00e1mara e iluminaci\u00f3n, montaje y postproducci\u00f3n en centros como Metropolis, CICE y Escuela Internacional de Medios [&hellip;]<\/p>\n","protected":false},"author":1,"featured_media":15930,"menu_order":1,"comment_status":"open","ping_status":"closed","template":"","meta":[],"listing_location":[134,137],"listing_cat":[87],"listing_tag":[155,156],"_links":{"self":[{"href":"https:\/\/guia.audiovisualcontainer.com\/ke-apps-a\/wp\/v2\/profesionals\/15931"}],"collection":[{"href":"https:\/\/guia.audiovisualcontainer.com\/ke-apps-a\/wp\/v2\/profesionals"}],"about":[{"href":"https:\/\/guia.audiovisualcontainer.com\/ke-apps-a\/wp\/v2\/types\/profesional"}],"author":[{"embeddable":true,"href":"https:\/\/guia.audiovisualcontainer.com\/ke-apps-a\/wp\/v2\/users\/1"}],"replies":[{"embeddable":true,"href":"https:\/\/guia.audiovisualcontainer.com\/ke-apps-a\/wp\/v2\/comments?post=15931"}],"wp:featuredmedia":[{"embeddable":true,"href":"https:\/\/guia.audiovisualcontainer.com\/ke-apps-a\/wp\/v2\/media\/15930"}],"wp:attachment":[{"href":"https:\/\/guia.audiovisualcontainer.com\/ke-apps-a\/wp\/v2\/media?parent=15931"}],"wp:term":[{"taxonomy":"listing_location","embeddable":true,"href":"https:\/\/guia.audiovisualcontainer.com\/ke-apps-a\/wp\/v2\/listing_location?post=15931"},{"taxonomy":"listing_cat","embeddable":true,"href":"https:\/\/guia.audiovisualcontainer.com\/ke-apps-a\/wp\/v2\/listing_cat?post=15931"},{"taxonomy":"listing_tag","embeddable":true,"href":"https:\/\/guia.audiovisualcontainer.com\/ke-apps-a\/wp\/v2\/listing_tag?post=15931"}],"curies":[{"name":"wp","href":"https:\/\/api.w.org\/{rel}","templated":true}]}}

Daniel Hernández Torrado

<p><iframe loading="lazy" title="Daniel H Torrado - BOBINA / REEL  2018" src="https://player.vimeo.com/video/567201196?h=c4f36c885f&amp;dnt=1&amp;app_id=122963" width="1200" height="675" frameborder="0" allow="autoplay; fullscreen; picture-in-picture" allowfullscreen></iframe></p><p><br></p><p>Daniel ha escrito y dirigido varios proyectos que han sido premiados y seleccionados en festivales internacionales de cine como Cannes, Sitges, Florida, etc. Destaca el premio Remi platino en el 49th World Fest de Houston.&nbsp;Daniel estudió dirección de cine, cámara e iluminación, montaje y postproducción en centros como Metropolis, CICE y Escuela Internacional de Medios Audiovisuales.</p><p><br></p><p><span style="color: rgba(0, 0, 0, 0.9);">Fundador de Virtual World Pictures y Canary Film Factory, dedicadas a la producción de contenidos audiovisuales. Director y Productor de Cine y Publicidad ganador de más de 100 premios internacionales.</span></p><p><br></p><p><span style="color: rgba(0, 0, 0, 0.9);">Apasionado de la creación audiovisual con formación multidisciplinar. Gestor de equipos de trabajo experto en los procesos de creación de productos audiovisuales.</span></p>

<p>Daniel ha escrito y dirigido varios proyectos que han sido premiados y seleccionados en festivales internacionales de cine como Cannes, Sitges, Florida, etc. Destaca el premio Remi platino en el 49th World Fest de Houston.&nbsp;Daniel estudió dirección de cine, cámara e iluminación, montaje y postproducción en centros como Metropolis, CICE y Escuela Internacional de Medios [&hellip;]</p>
